a factor of 1691364?
True
Does 176 divide 752224?
True
Does 33 divide 684652?
False
Does 1138 divide 15732850?
True
Is 656768 a multiple of 896?
True
Is 84249 a multiple of 253?
True
Is 126 a factor of 771750?
True
Is 375 a factor of 133916?
False
Does 14 divide 12432?
True
Does 6 divide 907542?
True
Is 41 a factor of 1328359?
True
Is 368976 a multiple of 16?
True
Is 37 a factor of 356880?
False
Is 15 a factor of 36735315?
True
Does 23 divide 1241975?
False
Is 4295939 a multiple of 270?
False
Is 9 a factor of 1483713?
True
Is 264 a factor of 1217915?
False
Does 118 divide 3181929?
False
Is 29461 a multiple of 3?
False
Is 12976 a multiple of 98?
False
Is 73 a factor of 31974?
True
Is 35 a factor of 352085?
False
Does 12 divide 1061235?
False
Does 1139 divide 172682?
False
Is 175 a factor of 3249477?
False
Does 16 divide 147904?
True
Is 15 a factor of 151063?
False
Is 1451528 a multiple of 34?
True
Does 6 divide 10482927?
False
Does 6 divide 113980?
False
Is 982035 a multiple of 471?
True
Is 1158608 a multiple of 11?
True
Does 843 divide 6207544?
False
Is 159599 a multiple of 11?
True
Does 10 divide 114345?
False
Is 24776 a multiple of 76?
True
Does 602 divide 6233270?
False
Is 1682175 a multiple of 33?
True
Does 108 divide 162000?
True
Does 5 divide 7067520?
True
Does 32 divide 10756873?
False
Does 101 divide 9380720?
False
Does 11 divide 48252?
False
Is 4436 a multiple of 38?
False
Is 16 a factor of 1427600?
True
Is 13577803 a multiple of 110?
False
Is 856 a factor of 3644848?
True
Is 39 a factor of 1050816?
True
Is 483 a factor of 505196?
False
Does 655 divide 2783095?
True
Does 834 divide 175458?
False
Does 1884 divide 6562297?
False
Is 95 a factor of 236170?
True
Is 5860883 a multiple of 161?
True
Is 11 a factor of 242653?
False
Does 6 divide 1670004?
True
Is 142477 a multiple of 289?
True
Does 10 divide 1229890?
True
Does 229 divide 45800?
True
Is 197353 a multiple of 247?
True
Is 60426 a multiple of 54?
True
Does 505 divide 746549?
False
Is 1604610 a multiple of 105?
True
Does 176 divide 2994553?
False
Is 190 a factor of 120650?
True
Is 3769506 a multiple of 13?
True
Does 58 divide 24882?
True
Is 219980 a multiple of 450?
False
Is 16 a factor of 140457?
False
Is 1419 a factor of 744321?
False
Is 23815528 a multiple of 20?
False
Is 464 a factor of 4801008?
True
Is 2206073 a multiple of 323?
False
Does 2 divide 382118?
True
Is 281512 a multiple of 22?
True
Does 12 divide 1281072?
True
Does 34 divide 469914?
True
Is 25879 a multiple of 107?
False
Is 12 a factor of 421228?
False
Is 37 a factor of 53419?
False
Does 11 divide 377565?
False
Is 114700 a multiple of 72?
False
Is 1240986 a multiple of 22?
False
Is 619 a factor of 6111211?
False
Is 17 a factor of 588047?
True
Is 1824 a factor of 2571613?
False
Does 20 divide 27920?
True
Is 1114740 a multiple of 330?
True
Does 27 divide 3677427?
True
Does 14 divide 1021034?
True
Is 9 a factor of 133992?
True
Does 10 divide 29410?
True
Is 2136512 a multiple of 112?
True
Does 27 divide 2881125?
False
Is 8 a factor of 947280?
True
Is 23 a factor of 28221?
True
Is 137302 a multiple of 79?
True
Is 476 a factor of 160412?
True
Does 53 divide 37837?
False
Does 50 divide 3002794?
False
Does 8 divide 194792?
True
Is 6124945 a multiple of 29?
True
Does 16 divide 5824?
True
Is 829527 a multiple of 201?
True
Does 59 divide 337790?
False
Is 1702081 a multiple of 832?
False
Is 11 a factor of 54621?
False
Is 41 a factor of 1170381?
False
Is 147 a factor of 509593?
False
Is 15 a factor of 5919645?
True
Does 155 divide 1062525?
True
Does 11 divide 56857?
False
Does 15 divide 441163?
False
Is 361 a factor of 59204?
True
Does 79 divide 8461?
False
Does 17 divide 25764?
False
Is 294059 a multiple of 178?
False
Is 4789267 a multiple of 7?
True
Is 307302 a multiple of 79?
False
Is 337 a factor of 24938?
True
Does 115 divide 237015?
True
Is 21 a factor of 3975709?
False
Is 112 a factor of 725619?
False
Does 149 divide 73239?
False
Does 146 divide 2708219?
False
Is 15 a factor of 33270?
True
Is 5 a factor of 9667?
False
Does 618 divide 1636464?
True
Does 34 divide 32368?
True
Does 62 divide 5162323?
False
Is 971 a factor of 145752?
False
Does 85 divide 978435?
True
Is 2738934 a multiple of 1138?
False
Is 14 a factor of 88046?
True
Is 223 a factor of 4664937?
True
Does 20 divide 136038?
False
Does 19 divide 782287?
True
Is 4186599 a multiple of 188?
False
Is 18 a factor of 1576782?
True
Is 120640 a multiple of 16?
True
Is 82 a factor of 2731420?
True
Is 7 a factor of 419576?
False
Does 3 divide 524712?
True
Does 23 divide 273654?
True
Is 232485 a multiple of 33?
True
Is 406 a factor of 278711?
False
Is 26904927 a multiple of 21?
True
Is 347 a factor of 277479?
False
Is 1557 a factor of 4437654?
False
Does 49 divide 19546504?
False
Does 29 divide 3385549?
False
Is 5634425 a multiple of 8?
False
Does 119 divide 1308167?
True
Does 30 divide 1286739?
False
Is 646 a factor of 8159844?
False
Does 247 divide 2239055?
True
Is 11 a factor of 118198?
False
Is 45984 a multiple of 32?
True
Is 15 a factor of 4545?
True
Is 605 a factor of 105384?
False
Is 29267 a multiple of 37?
True
Does 719 divide 6855665?
True
Is 260 a factor of 94900?
True
Does 10 divide 1249580?
True
Is 29283 a multiple of 43?
True
Is 11 a factor of 430166?
True
Does 120 divide 792720?
True
Does 96 divide 408691?
False
Is 54 a factor of 3699648?
True
Is 326 a factor of 1666512?
True
Is 191 a factor of 2105202?
True
Does 60 divide 1193079?
False
Is 17 a factor of 16895679?
False
Is 4620 a multiple of 11?
True
Does 31 divide 9733752?
True
Does 10 divide 617780?
True
Does 3 divide 25752?
True
Is 131701 a multiple of 92?
False
Does 16 divide 82716?
False
Is 105 a factor of 569835?
True
Is 28 a factor of 23222242?
False
Is 3654772 a multiple of 469?
False
Does 11 divide 3484305?
True
Is 366471 a multiple of 27?
True
Does 576 divide 6212163?
False
Does 46 divide 575920?
True
Is 21 a factor of 439474?
False
Does 162 divide 3167262?
True
Is 3395946 a multiple of 114?
True
Does 11 divide 72732?
True
Is 2133 a factor of 15642306?
False
Is 3269084 a multiple of 52?
True
Is 886 a factor of 3974596?
True
Does 264 divide 2096688?
True
Does 157 divide 19443290?
False
Does 157 divide 391550?
False
Is 5712 a multiple of 28?
True
Does 6 divide 155781?
False
Does 10 divide 3295621?
False
Is 26 a factor of 16126006?
True
Does 9 divide 40646?
False
Is 8 a factor of 17360?
True
Is 20816 a multiple of 4?
True
Does 189 divide 2517480?
True
Does 72 divide 178145?
False
Is 87 a factor of 270458?
False
Is 401289 a multiple of 3?
True
Does 12 divide 34140?
True
Is 346 a factor of 759119?
False
Is 3927725 a multiple of 49?
False
Is 454 a factor of 305996?
True
Does 230 divide 149146?
False
Does 4 divide 2297360?
True
Does 1253 divide 4082274?
True
Is 8092864 a multiple of 923?
True
Does 43 divide 8780605?
False
Is 13 a factor of 7083128?
True
Does 32 divide 334051?
False
Is 11 a factor of 14134527?
True
Is 1687728 a multiple of 16?
True
Does 144 divide 310752?
True
Does 71 divide 2287590?
False
Does 8 divide 718321?
False
Is 18 a factor of 7349392?
False
Is 85 a factor of 1169005?
True
Is 994 a factor of 504610?
False
Does 519 divide 3906513?
True
Does 149 divide 558601?
True
Is 19893 a multiple of 57?
True
Is 17752 a multiple of 28?
True
Is 15 a factor of 74520?
True
Is 6 a factor of 24150?
True
Is 70898 a multiple of 14?
False
Does 3 divide 2181975?
True
Is 1365899 a multiple of 381?
False
Does 11 divide 13024?
True
Does 13 divide 325987?
False
Does 24 divide 412331?
False
Is 11 a factor of 11288221?
False
Is 201997 a multiple of 20?
False
Is 113 a factor of 160346?
False
Does 16 divide 1526336?
True
Does 16 divide 255460?
False
Is 70573 a multiple of 241?
False
Is 3281684 a multiple of 182?
False
Is 16337065 a multiple of 25?
False
Does 36 divide 186095?
False
Is 17 a factor of 305492?
False
Is 26 a factor of 509158?
True
Is 181 a factor of 1484095?
False
Does 32 divide 1854624?
True
Is 10308890 a multiple of 1225?
False
Is 40 a factor of 11676280?
True
Does 4 divide 409460?
True
Is 240 a factor of 1814129?
False
Does 45 divide 251181?
False
Is 18583398 a multiple of 74?
True
Does 2 divide 221086?
True
Does 22 divide 4312671?
False
Does 19 divide 6086935?
True
Is 6691144 a multiple of 58